e prime factors of y.
67
Let c be ((-16)/40*2)/(4/(-10)). Suppose 4*y + c*t - 736 = -210, -2*y - 5*t + 267 = 0. List the prime factors of y.
131
Let r = 1578 - 974. List the prime factors of r.
2, 151
Suppose -23*f = 3*m - 28*f - 1685, m - 543 = -3*f. List the prime factors of m.
3, 5, 37
Let z(w) = -w**2 + 63*w + 32. Let s(h) = -h**2 + 32*h + 16. Let p(t) = -7*s(t) + 4*z(t). What are the prime factors of p(-12)?
2, 7
Let n(u) = 4*u**2 + 9*u - 64. List the prime factors of n(-16).
2, 3, 17
Let s be 3 - (5 + (-4 - -2)). Suppose 5*p = 4*c - s*p - 176, -p + 102 = 2*c. List the prime factors of c.
7
Let h be 9*2*2/6. Suppose -h = -5*u - 16. Let f = 18 - u. What are the prime factors of f?
2, 5
Suppose 0 = 5*f - 10 + 115. Let h = 72 + -42. Let o = h + f. What are the prime factors of o?
3
Let q(x) = -x**3 - x**2 + 2. Let y be q(-3). Suppose -19*t - 2 = -y*t. What are the prime factors of t/(-9) + 2112/27?
2, 3, 13
Let s = -120 + 253. Let w = s + -95. Let c = w - 5. What are the prime factors of c?
3, 11
Let u = 0 + -3. Let d be u/2*(-80 - -8). Suppose 7*q - 4*q - d = 0. What are the prime factors of q?
2, 3
Suppose -5*a = 3*z - 1325, -2046 + 691 = -3*z + a. What are the prime factors of z?
2, 3, 5
Suppose -16*d + 17*d - 2013 = -4*w, -d + 501 = w. List the prime factors of w.
2, 3, 7
Let s = 17 - 26. Let z = s + 14. Suppose -65 = -z*t + 55. List the prime factors of t.
2, 3
Let k(v) be the first derivative of 74*v**2 - v - 4. What are the prime factors of k(1)?
3, 7
Let s(d) = -d**2 + d. Let a(x) = 62*x**2 + 8*x - 2. Let l(h) = a(h) - 6*s(h). What are the prime factors of l(2)?
2, 137
Let f(q) = 12*q**2 - 26*q + 114. List the prime factors of f(-15).
2, 3, 89
Let d = 54 + -63. Let n be (-46)/(-8) + (-2)/(-8). List the prime factors of (-2 - d) + -4 + n.
3
Let z = -30 - -131. Let x = z - 49. List the prime factors of x.
2, 13
Let t be 15/(-10)*(-2 + 1 - 5). Let m be 2 + 3/3 + 2. Suppose m*j - t*j = -36. List the prime factors of j.
3
Let n = -36 - -36. Suppose -m + 4*m + 141 = n. Let t = m + 66. What are the prime factors of t?
19
Suppose 4*f - 26 = 22. Suppose 4 = g + 2. List the prime factors of ((-8)/f)/(g/(-87)).
29
What are the prime factors of (1110/296)/(-1 + 1339/1336)?
2, 5, 167
Suppose -2*l - 13 = -3*l + 2*g, 5*l = 4*g + 47. Let f(z) = 4*z**2 - 10*z + 23. What are the prime factors of f(l)?
149
Let r(a) = 3*a**2 - 26*a - 315. What are the prime factors of r(-28)?
5, 7, 79
Suppose s - 172 = 5*z, 0*s = 4*s - 2*z - 706. What are the prime factors of s?
3, 59
Let d be 4/((-7)/((-21)/6)). Let c = 41 + -27. Suppose d*z + 3*o - c + 2 = 0, -4*z + 16 = 2*o. List the prime factors of z.
3
Let c(i) = -3*i**2 - 3*i + 14. Let r be c(-7). Suppose -3*t + 8 = -4. List the prime factors of (r/t - 2)*-1.
2, 3, 5
Let y = 103 + -100. Suppose -9 = 3*w, 3*b + y*w = 329 + 256. List the prime factors of b.
2, 3, 11
Let x(p) = -p + 2. Let w be x(-14). Let g = w + -16. Suppose g*d + 29 = d. What are the prime factors of d?
29
Let c be (-2)/(-8) + 27/(-12). What are the prime factors of 12/2*(c - (-192)/9)?
2, 29
Suppose 4*t - 1 = t + 4*a, 3*t - 17 = -4*a. Let b(u) = -u. Let p(y) = 14*y**2 + 3*y - 1. Let q(z) = t*b(z) + p(z). What are the prime factors of q(-1)?
13
Let p(y) = 61*y - 22. List the prime factors of p(2).
2, 5
Let u(r) = -72*r + 37*r + 39*r + 2 + 13*r**2. Suppose -3*l = -l - 2*t, -2*t = 2*l + 8. What are the prime factors of u(l)?
2, 23
Let d(i) = -9*i**2 - 35*i - 9. Let l(o) = 14*o**2 + 53*o + 13. Let j(z) = 8*d(z) + 5*l(z). List the prime factors of j(-6).
11
Let h(x) = x**3 - 30*x**2 - 3*x - 34. List the prime factors of h(32).
2, 7, 137
Suppose -5*c + 3484 + 4643 = 2*b, -5*b + c + 20250 = 0. List the prime factors of b.
4051
Suppose -17966 + 1631 = -9*y. List the prime factors of y.
3, 5, 11
Suppose -98*v + 642365 = 44369. What are the prime factors of v?
2, 3, 113
Let b = -133 + 418. Suppose 60 = -9*g + b. List the prime factors of g.
5
Let g = -41 - -40. List the prime factors of 1/((-3)/(-328)) - g/(-3).
109
Let q(s) = 32*s + 134. What are the prime factors of q(22)?
2, 419
Suppose 0*y + 4*y = 2*d - 1422, 2*d - 1452 = -2*y. What are the prime factors of d/35 + 4/10?
3, 7
Let t = 496 + 146. List the prime factors of t.
2, 3, 107
Suppose -2*u - 7*l + 3*l + 812 = 0, 4*l + 1600 = 4*u. List the prime factors of u.
2, 3, 67
Let a(l) = 23*l**3 - 23*l**2 - 20*l + 18. List the prime factors of a(6).
2, 3, 673
Suppose 12*t - 50 = 7*t. Suppose 0 = -5*i - 15, l - 45 + t = -i. What are the prime factors of l?
2, 19
Let r be (0 - (-3 - -1))*1. Let u(f) = f - 4 + 3*f**3 - 3*f**r + 0 - f**3. List the prime factors of u(3).
2, 13
Suppose 4*z - 30 = 82. Suppose 4 = 2*r - z. List the prime factors of r.
2
Let u(p) = p**3 + 3*p**2 - 2*p - 2. Let x be u(-3). Suppose 0 = -x*y + 5*q + 175, -5*y - 4*q + 3*q = -255. List the prime factors of y.
2, 5
Suppose 2082 = -4*u + u. Let z = -389 - u. What are the prime factors of z?
5, 61
Suppose 16 + 44 = 3*k. Let c = -18 + k. Suppose -x = -45 - c. List the prime factors of x.
47
Suppose -2340 = -42*q + 32*q. What are the prime factors of q?
2, 3, 13
Suppose 5*g - 809 = -54. What are the prime factors of g?
151
Let b = 48 - 29. Suppose 0 = 3*h - b - 5. List the prime factors of h.
2
Let k(l) = l**3 + l**2 + 61. Let u be k(0). What are the prime factors of u*2*(3 + -4 + 2)?
2, 61
Let w(t) = t**2 + 4*t + 3. Let o be w(-3). Let s be (-4)/(-8)*o + 2. Suppose -s*y = -6*y + 112. What are the prime factors of y?
2, 7
Let f = -12 - -7. Let b be (-6)/15*f - -3. Let y = -1 + b. List the prime factors of y.
2
List the prime factors of (-4)/8 - (-2143)/2.
3, 7, 17
Let w be -1 + 8 + (-4)/(-1). Let u = w - 7. Suppose 0 = -u*d + 63 + 121. What are the prime factors of d?
2, 23
What are the prime factors of (-6806)/(-7) - 30/105?
2, 3
Let c(m) = 3*m - 2. Let w(l) = l - 1. Suppose 4*p + 6 = -4*i - 2, 4*i + 5*p + 5 = 0. Let o(y) = i*w(y) + 2*c(y). List the prime factors of o(7).
2
Suppose 6*v - 3*v = 237. What are the prime factors of v?
79
Let w be 4*3*(-2)/(-8). Suppose 0*s - 6 = -w*s. Suppose 0 = s*h - 3*h + 2*x + 9, x + 2 = 0. List the prime factors of h.
5
Let k(j) = -j**3 - 5*j**2 + 3*j + 1. Let v be k(-4). Let i = v - -65. List the prime factors of i.
2, 19
Let r be -118 + 0 + 3 + -1 + 0. Let g = 321 + r. What are the prime factors of g?
5, 41
Let o = -1508 - -2810. What are the prime factors of o?
2, 3, 7, 31
Let x be 0 - 48/(-3) - 4. Suppose -6*s - x = -9*s. Suppose -k = -4*n + 183, 2*k = s*k - 2. What are the prime factors of n?
2, 23
Let k = -12 + 16. Suppose 2*f = -k*n + 5 + 57, 0 = -4*f - 12. List the prime factors of n.
17
Let l(y) = 6 - 5 - 2. Let w(o) = o**2 + 3*o + 6. Let i(u) = 2*l(u) + w(u). List the prime factors of i(-5).
2, 7
Suppose -3*f + 683 = 25*q - 21*q, -2*f - 3*q = -455. What are the prime factors of f?
229
Let f(c) be the second derivative of -c**5/10 - c**4/2 - c**3/2 - 4*c**2 + 12*c. List the prime factors of f(-4).
2, 3
Suppose 385 = 11*b - 2178. List the prime factors of b.
233
Suppose 2*r + 2*b = 178, -4*r - 3*b = -7*r + 237. Suppose -6*l - k = -l - 15, -l + 5*k + 3 = 0. Suppose l*c + 0*c = r. What are the prime factors of c?
2, 7
Let d = -2216 - -5011. List the prime factors of d.
5, 13, 43
Let p = 14 + -16. Let z be 6/(-6) - (-1 + p). Suppose 3*f - 99 = -3*h, -7*h = -z*h - 5*f - 145. What are the prime factors of h?
31
Suppose -h - 157 = d - 4*h, -3*d - 492 = -2*h. Let t = -42 - d. What are the prime factors of t?
2, 31
Let n be (-14)/(-4)*24/2. Let l be (18/30)/(-1*(-1)/5). Suppose -l*q + n = -q. What are the prime factors of q?
3, 7
Suppose -449 = -3*x + 1621. What are the prime factors of x?
2, 3, 5, 23
Let h(m) = 6*m - 5. Let s be h(8). Suppose -o - s = 2*g, 0*g = 3*g - 3*o + 60. Let l = -2 - g. List the prime factors of l.
19
Suppose -b + 28 = 3*t, 2*t - 32 = 2*b - 0*b. Suppose t*s - 270 = 8*s. List the prime factors of s.
2, 3, 5
Let o = 544 - -752. List the prime factors of o.
2, 3
Suppose 0 = -6*z - 1717 + 7549. What are the prime factors of z?
2, 3
Let w = -75 + 48. Let f = w - -235. What are the prime factors of f?
2, 13
Suppose 0 = -5*c - 2*c + 1393. Suppose -2*t + 4*r + 45 = -t, c = 4*t + 3*r. What are the prime factors of t?
7
Suppose -2*n + 9 = -199. Suppose n = r + 3*l - 57, 2*l = 2*r - 282.